ivided by 52?
33
What is the remainder when 969 is divided by 86?
23
Calculate the remainder when 103 is divided by 53.
50
What is the remainder when 458 is divided by 92?
90
Calculate the remainder when 67 is divided by 50.
17
What is the remainder when 287 is divided by 97?
93
What is the remainder when 801 is divided by 115?
111
Calculate the remainder when 425 is divided by 33.
29
Calculate the remainder when 609 is divided by 36.
33
Calculate the remainder when 71 is divided by 19.
14
What is the remainder when 679 is divided by 34?
33
Calculate the remainder when 508 is divided by 51.
49
Calculate the remainder when 1321 is divided by 21.
19
What is the remainder when 15310 is divided by 44?
42
Calculate the remainder when 774 is divided by 191.
10
What is the remainder when 122 is divided by 16?
10
Calculate the remainder when 425 is divided by 107.
104
Calculate the remainder when 708 is divided by 79.
76
Calculate the remainder when 604 is divided by 21.
16
What is the remainder when 513 is divided by 29?
20
What is the remainder when 112 is divided by 41?
30
What is the remainder when 162 is divided by 49?
15
Calculate the remainder when 191 is divided by 65.
61
What is the remainder when 6673 is divided by 15?
13
What is the remainder when 96 is divided by 43?
10
What is the remainder when 1559 is divided by 766?
27
What is the remainder when 31 is divided by 12?
7
What is the remainder when 154 is divided by 32?
26
What is the remainder when 460 is divided by 236?
224
What is the remainder when 186 is divided by 51?
33
What is the remainder when 17109 is divided by 92?
89
What is the remainder when 79 is divided by 16?
15
Calculate the remainder when 178 is divided by 5.
3
Calculate the remainder when 137 is divided by 35.
32
Calculate the remainder when 393 is divided by 80.
73
Calculate the remainder when 7863 is divided by 2621.
0
What is the remainder when 1174 is divided by 27?
13
What is the remainder when 2571 is divided by 237?
201
Calculate the remainder when 20 is divided by 18.
2
What is the remainder when 591 is divided by 104?
71
Calculate the remainder when 381 is divided by 57.
39
What is the remainder when 316 is divided by 53?
51
What is the remainder when 193 is divided by 3?
1
Calculate the remainder when 334 is divided by 42.
40
What is the remainder when 147 is divided by 47?
6
What is the remainder when 136 is divided by 35?
31
What is the remainder when 1007 is divided by 149?
113
Calculate the remainder when 2720 is divided by 39.
29
What is the remainder when 3714 is divided by 63?
60
Calculate the remainder when 5866 is divided by 52.
42
What is the remainder when 518 is divided by 161?
35
What is the remainder when 174 is divided by 35?
34
Calculate the remainder when 309 is divided by 77.
1
Calculate the remainder when 196 is divided by 26.
14
What is the remainder when 79 is divided by 12?
7
Calculate the remainder when 1571 is divided by 75.
71
Calculate the remainder when 214 is divided by 75.
64
Calculate the remainder when 173 is divided by 8.
5
Calculate the remainder when 979 is divided by 8.
3
What is the remainder when 6492 is divided by 32?
28
What is the remainder when 141 is divided by 33?
9
What is the remainder when 1019 is divided by 60?
59
What is the remainder when 586 is divided by 19?
16
What is the remainder when 108 is divided by 27?
0
Calculate the remainder when 214 is divided by 39.
19
Calculate the remainder when 16849 is divided by 301.
294
Calculate the remainder when 1030 is divided by 341.
7
What is the remainder when 799 is divided by 100?
99
Calculate the remainder when 899 is divided by 130.
119
Calculate the remainder when 354 is divided by 15.
9
What is the remainder when 173 is divided by 88?
85
What is the remainder when 4661 is divided by 3?
2
Calculate the remainder when 713 is divided by 145.
133
What is the remainder when 944 is divided by 74?
56
What is the remainder when 79 is divided by 16?
15
Calculate the remainder when 19917 is divided by 16.
13
Calculate the remainder when 58 is divided by 20.
18
What is the remainder when 180 is divided by 31?
25
Calculate the remainder when 58 is divided by 12.
10
What is the remainder when 299 is divided by 95?
14
Calculate the remainder when 233 is divided by 22.
13
What is the remainder when 127 is divided by 46?
35
What is the remainder when 1267 is divided by 39?
19
Calculate the remainder when 328 is divided by 47.
46
What is the remainder when 10717 is divided by 16?
13
Calculate the remainder when 377 is divided by 124.
5
What is the remainder when 47950 is divided by 36?
34
What is the remainder when 268 is divided by 103?
62
What is the remainder when 133 is divided by 17?
14
Calculate the remainder when 1977 is divided by 9.
6
Calculate the remainder when 343 is divided by 59.
48
What is the remainder when 1845 is divided by 26?
25
Calculate the remainder when 246 is divided by 22.
4
What is the remainder when 2674 is divided by 69?
52
Calculate the remainder when 10453 is divided by 123.
121
Calculate the remainder when 3099 is divided by 65.
44
Calculate the remainder when 401 is divided by 9.
5
Calculate the remainder when 953 is divided by 29.
25
What is the remainder when 220 is divided by 38?
30
What is the remainder when 98 is divided by 44?
10
Calculate the remainder when 593 is divided by 582.
11
Calculate the remainder when 765 is divided by 184.
29
What is the remainder when 3467 is divided by 6?
5
Calculate the remainder when 146 is divided by 12.
2
Calculate the remainder when 1980 is divided by 404.
364
What is the remainder when 289 is divided by 48?
1
Calculate the remainder when 376 is divided by 54.
52
Calculate the remainder when 1451 is divided by 22.
21
What is the remainder when 97 is divided by 21?
13
Calculate the remainder when 3534 is divided by 26.
24
What is the remainder when 96 is divided by 27?
15
Calculate the remainder when 75 is divided by 47.
28
Calculate the remainder when 71 is divided by 55.
16
Calculate the remainder when 6807 is divided by 30.
27
What is the remainder when 85 is divided by 19?
9
Calculate the remainder when 1869 is divided by 620.
9
Calculate the remainder when 104004 is divided by 323.
321
Calculate the remainder when 2519 is divided by 68.
3
What is the remainder when 260 is divided by 222?
38
Calculate the remainder when 1674 is divided by 207.
18
Calculate the remainder when 927 is divided by 924.
3
What is the remainder when 12021 is divided by 167?
164
What is the remainder when 4248 is divided by 34?
32
Calculate the remainder when 335 is divided by 41.
7
What is the remainder when 1092 is divided by 18?
12
What is the remainder when 132 is divided by 94?
38
What is the remainder when 13221 is divided by 174?
171
Calculate the remainder when 18 is divided by 8.
2
What is the remainder when 437 is divided by 49?
45
Calculate the remainder when 1633 is divided by 31.
21
Calculate the remainder when 99 is divided by 50.
49
What is the remainder when 40 is divided by 14?
12
What is the remainder when 1054 is divided by 348?
10
What is the remainder when 359 is divided by 344?
15
What is the remainder when 282 is divided by 119?
44
Calculate the remainder when 1983 is divided by 286.
267
What is the remainder when 8918 is divided by 5?
3
What is the remainder when 167 is divided by 24?
23
Calculate the remainder when 4977 is divided by 20.
17
What is the remainder when 123 is divided by 7?
4
What is the remainder when 55 is divided by 10?
5
What is the remainder when 389 is divided by 70?
39
Calculate the remainder when 38 is divided by 5.
3
What is the remainder when 133 is divided by 55?
23
Calculate the remainder when 803 is divided by 81.
74
What is the remainder when 411 is divided by 83?
79
Calculate the remainder when 118 is divided by 73.
45
Calculate the remainder when 908 is divided by 60.
8
What is the remainder when 1922 is divided by 9?
5
What is the remainder when 821 is divided by 11?
7
What is the remainder when 1468 is divided by 186?
166
Calculate the remainder when 234 is divided by 24.
18
Calculate the remainder when 138 is divided by 38.
24
What is the remainder when 304 is divided by 65?
44
Calculate the remainder when 771 is d